{"id":17013,"date":"2025-01-29T12:27:38","date_gmt":"2025-01-29T12:27:38","guid":{"rendered":"https:\/\/animebuzz.com.br\/buzz15anos\/?page_id=17013"},"modified":"2026-01-19T18:51:29","modified_gmt":"2026-01-19T18:51:29","slug":"imprensa","status":"publish","type":"page","link":"https:\/\/www.animebuzz.com.br\/buzz2026\/imprensa\/","title":{"rendered":"Imprensa"},"content":{"rendered":"\t\t<div data-elementor-type=\"wp-page\" data-elementor-id=\"17013\" class=\"elementor elementor-17013\">\n\t\t\t\t        <section class=\"elementor-section elementor-top-section elementor-element elementor-element-e5a267b elementor-section-boxed elementor-section-height-default elementor-section-height-default pxl-row-scroll-none pxl-section-overflow-visible pxl-bg-color-none pxl-section-overlay-none\" data-id=\"e5a267b\" data-element_type=\"section\" data-e-type=\"section\" data-settings=\"{&quot;background_background&quot;:&quot;classic&quot;}\">\n\n                            <div class=\"elementor-background-overlay\"><\/div>\n            \n                <div class=\"elementor-container elementor-column-gap-default \">\n                <div class=\"elementor-column elementor-col-100 elementor-top-column elementor-element elementor-element-d626c97 pxl-column-none pxl-column-overflow-hidden-no\" data-id=\"d626c97\" data-element_type=\"column\" data-e-type=\"column\">\r\n        <div class=\"elementor-widget-wrap elementor-element-populated\">\r\n                     \r\n        \t\t<div class=\"elementor-element elementor-element-8abcd9d elementor-widget elementor-widget-spacer\" data-id=\"8abcd9d\" data-element_type=\"widget\" data-e-type=\"widget\" data-widget_type=\"spacer.default\">\n\t\t\t\t<div class=\"elementor-widget-container\">\n\t\t\t\t\t\t\t<div class=\"elementor-spacer\">\n\t\t\t<div class=\"elementor-spacer-inner\"><\/div>\n\t\t<\/div>\n\t\t\t\t\t\t<\/div>\n\t\t\t\t<\/div>\n\t\t\t\t<div class=\"elementor-element elementor-element-3c77fa4 elementor-widget elementor-widget-image\" data-id=\"3c77fa4\" data-element_type=\"widget\" data-e-type=\"widget\" data-widget_type=\"image.default\">\n\t\t\t\t<div class=\"elementor-widget-container\">\n\t\t\t\t\t\t\t\t\t\t\t\t\t\t\t<img fetchpriority=\"high\" decoding=\"async\" width=\"854\" height=\"105\" src=\"https:\/\/www.animebuzz.com.br\/buzz2026\/wp-content\/uploads\/2025\/01\/TITULO-IMPRENSA.png\" class=\"attachment-large size-large wp-image-17196\" alt=\"\" srcset=\"https:\/\/www.animebuzz.com.br\/buzz2026\/wp-content\/uploads\/2025\/01\/TITULO-IMPRENSA.png 854w, https:\/\/www.animebuzz.com.br\/buzz2026\/wp-content\/uploads\/2025\/01\/TITULO-IMPRENSA-300x37.png 300w, https:\/\/www.animebuzz.com.br\/buzz2026\/wp-content\/uploads\/2025\/01\/TITULO-IMPRENSA-768x94.png 768w, https:\/\/www.animebuzz.com.br\/buzz2026\/wp-content\/uploads\/2025\/01\/TITULO-IMPRENSA-844x105.png 844w, https:\/\/www.animebuzz.com.br\/buzz2026\/wp-content\/uploads\/2025\/01\/TITULO-IMPRENSA-600x74.png 600w\" sizes=\"(max-width: 854px) 100vw, 854px\" \/>\t\t\t\t\t\t\t\t\t\t\t\t\t\t\t<\/div>\n\t\t\t\t<\/div>\n\t\t\t\t<div class=\"elementor-element elementor-element-1482e8a elementor-widget elementor-widget-spacer\" data-id=\"1482e8a\" data-element_type=\"widget\" data-e-type=\"widget\" data-widget_type=\"spacer.default\">\n\t\t\t\t<div class=\"elementor-widget-container\">\n\t\t\t\t\t\t\t<div class=\"elementor-spacer\">\n\t\t\t<div class=\"elementor-spacer-inner\"><\/div>\n\t\t<\/div>\n\t\t\t\t\t\t<\/div>\n\t\t\t\t<\/div>\n\t\t            <\/div>\r\n        <\/div>\r\n        \t\t\t<\/div>\n\t\t<\/section>\n\t\t        <section class=\"elementor-section elementor-top-section elementor-element elementor-element-c36fabd elementor-section-boxed elementor-section-height-default elementor-section-height-default pxl-row-scroll-none pxl-section-overflow-visible pxl-bg-color-none pxl-section-overlay-none\" data-id=\"c36fabd\" data-element_type=\"section\" data-e-type=\"section\" data-settings=\"{&quot;background_background&quot;:&quot;classic&quot;}\">\n\n                            <div class=\"elementor-background-overlay\"><\/div>\n            \n                <div class=\"elementor-container elementor-column-gap-default \">\n                <div class=\"elementor-column elementor-col-50 elementor-top-column elementor-element elementor-element-e714fa3 pxl-column-none pxl-column-overflow-hidden-no\" data-id=\"e714fa3\" data-element_type=\"column\" data-e-type=\"column\">\r\n        <div class=\"elementor-widget-wrap elementor-element-populated\">\r\n                     \r\n        \t\t<div class=\"elementor-element elementor-element-b5f9e8e elementor-tabs-view-horizontal elementor-widget elementor-widget-tabs\" data-id=\"b5f9e8e\" data-element_type=\"widget\" data-e-type=\"widget\" data-widget_type=\"tabs.default\">\n\t\t\t\t<div class=\"elementor-widget-container\">\n\t\t\t\t\t\t\t<div class=\"elementor-tabs\">\n\t\t\t<div class=\"elementor-tabs-wrapper\" role=\"tablist\" >\n\t\t\t\t\t\t\t\t\t<div id=\"elementor-tab-title-1901\" class=\"elementor-tab-title elementor-tab-desktop-title\" aria-selected=\"true\" data-tab=\"1\" role=\"tab\" tabindex=\"0\" aria-controls=\"elementor-tab-content-1901\" aria-expanded=\"false\">Imprensa<\/div>\n\t\t\t\t\t\t\t\t\t<div id=\"elementor-tab-title-1902\" class=\"elementor-tab-title elementor-tab-desktop-title\" aria-selected=\"false\" data-tab=\"2\" role=\"tab\" tabindex=\"-1\" aria-controls=\"elementor-tab-content-1902\" aria-expanded=\"false\">Inscreva-se!<\/div>\n\t\t\t\t\t\t\t<\/div>\n\t\t\t<div class=\"elementor-tabs-content-wrapper\" role=\"tablist\" aria-orientation=\"vertical\">\n\t\t\t\t\t\t\t\t\t<div class=\"elementor-tab-title elementor-tab-mobile-title\" aria-selected=\"true\" data-tab=\"1\" role=\"tab\" tabindex=\"0\" aria-controls=\"elementor-tab-content-1901\" aria-expanded=\"false\">Imprensa<\/div>\n\t\t\t\t\t<div id=\"elementor-tab-content-1901\" class=\"elementor-tab-content elementor-clearfix\" data-tab=\"1\" role=\"tabpanel\" aria-labelledby=\"elementor-tab-title-1901\" tabindex=\"0\" hidden=\"false\"><p>Ei, influenciadores, fot\u00f3grafos, criadores de conte\u00fado e videomakers!<\/p><p>Quer garantir acesso gratuito ao evento e viver essa experi\u00eancia \u00e9pica de pertinho? Ent\u00e3o n\u00e3o perde tempo e faz j\u00e1 o teu cadastro de Imprensa!<\/p><p>Nossa equipe vai analisar tudo com carinho e, em alguns dias, entramos em contato para alinhar os detalhes de entrada e drive de compartilhamento de fotos e v\u00eddeos!<\/p><\/div>\n\t\t\t\t\t\t\t\t\t<div class=\"elementor-tab-title elementor-tab-mobile-title\" aria-selected=\"false\" data-tab=\"2\" role=\"tab\" tabindex=\"-1\" aria-controls=\"elementor-tab-content-1902\" aria-expanded=\"false\">Inscreva-se!<\/div>\n\t\t\t\t\t<div id=\"elementor-tab-content-1902\" class=\"elementor-tab-content elementor-clearfix\" data-tab=\"2\" role=\"tabpanel\" aria-labelledby=\"elementor-tab-title-1902\" tabindex=\"0\" hidden=\"hidden\"><p><span style=\"color: #000000;\">Cadastre seu veiculo de imprensa <strong><span style=\"text-decoration: underline;\"><a style=\"color: #000000; text-decoration: underline;\" href=\"https:\/\/forms.gle\/GeTinoz7JWU5GnqF7\" target=\"_blank\" rel=\"noopener\">CLICANDO AQUI!<\/a><\/span><\/strong><\/span><\/p><\/div>\n\t\t\t\t\t\t\t<\/div>\n\t\t<\/div>\n\t\t\t\t\t\t<\/div>\n\t\t\t\t<\/div>\n\t\t            <\/div>\r\n        <\/div>\r\n                <div class=\"elementor-column elementor-col-50 elementor-top-column elementor-element elementor-element-9878b59 pxl-column-none pxl-column-overflow-hidden-no\" data-id=\"9878b59\" data-element_type=\"column\" data-e-type=\"column\">\r\n        <div class=\"elementor-widget-wrap elementor-element-populated\">\r\n                     \r\n        \t\t<div class=\"elementor-element elementor-element-d5eb74a elementor-widget elementor-widget-image\" data-id=\"d5eb74a\" data-element_type=\"widget\" data-e-type=\"widget\" data-widget_type=\"image.default\">\n\t\t\t\t<div class=\"elementor-widget-container\">\n\t\t\t\t\t\t\t\t\t\t\t\t\t\t\t<img decoding=\"async\" width=\"1024\" height=\"514\" src=\"https:\/\/www.animebuzz.com.br\/buzz2026\/wp-content\/uploads\/2026\/01\/imprensa-3-1024x514.png\" class=\"attachment-large size-large wp-image-18248\" alt=\"\" srcset=\"https:\/\/www.animebuzz.com.br\/buzz2026\/wp-content\/uploads\/2026\/01\/imprensa-3-1024x514.png 1024w, https:\/\/www.animebuzz.com.br\/buzz2026\/wp-content\/uploads\/2026\/01\/imprensa-3-300x151.png 300w, https:\/\/www.animebuzz.com.br\/buzz2026\/wp-content\/uploads\/2026\/01\/imprensa-3-768x385.png 768w, https:\/\/www.animebuzz.com.br\/buzz2026\/wp-content\/uploads\/2026\/01\/imprensa-3-1536x771.png 1536w, https:\/\/www.animebuzz.com.br\/buzz2026\/wp-content\/uploads\/2026\/01\/imprensa-3-2048x1028.png 2048w, https:\/\/www.animebuzz.com.br\/buzz2026\/wp-content\/uploads\/2026\/01\/imprensa-3-1170x587.png 1170w\" sizes=\"(max-width: 1024px) 100vw, 1024px\" \/>\t\t\t\t\t\t\t\t\t\t\t\t\t\t\t<\/div>\n\t\t\t\t<\/div>\n\t\t            <\/div>\r\n        <\/div>\r\n        \t\t\t<\/div>\n\t\t<\/section>\n\t\t        <section class=\"elementor-section elementor-top-section elementor-element elementor-element-ce0a62e elementor-section-boxed elementor-section-height-default elementor-section-height-default pxl-row-scroll-none pxl-section-overflow-visible pxl-bg-color-none pxl-section-overlay-none\" data-id=\"ce0a62e\" data-element_type=\"section\" data-e-type=\"section\" data-settings=\"{&quot;background_background&quot;:&quot;classic&quot;}\">\n\n                            <div class=\"elementor-background-overlay\"><\/div>\n            \n                <div class=\"elementor-container elementor-column-gap-default \">\n                <div class=\"elementor-column elementor-col-100 elementor-top-column elementor-element elementor-element-63f0b6c pxl-column-none pxl-column-overflow-hidden-no\" data-id=\"63f0b6c\" data-element_type=\"column\" data-e-type=\"column\">\r\n        <div class=\"elementor-widget-wrap elementor-element-populated\">\r\n                     \r\n        \t\t<div class=\"elementor-element elementor-element-5f2362d elementor-widget elementor-widget-spacer\" data-id=\"5f2362d\" data-element_type=\"widget\" data-e-type=\"widget\" data-widget_type=\"spacer.default\">\n\t\t\t\t<div class=\"elementor-widget-container\">\n\t\t\t\t\t\t\t<div class=\"elementor-spacer\">\n\t\t\t<div class=\"elementor-spacer-inner\"><\/div>\n\t\t<\/div>\n\t\t\t\t\t\t<\/div>\n\t\t\t\t<\/div>\n\t\t\t\t<div class=\"elementor-element elementor-element-c9b6f1e elementor-align-center elementor-widget elementor-widget-pxl_button\" data-id=\"c9b6f1e\" data-element_type=\"widget\" data-e-type=\"widget\" data-widget_type=\"pxl_button.default\">\n\t\t\t\t<div class=\"elementor-widget-container\">\n\t\t\t\t\t \r\n<div id=\"pxl-pxl_button-c9b6f1e-2929\" class=\"pxl-button \" data-wow-delay=\"ms\">\r\n    \r\n    <a href=\"https:\/\/minhaentrada.com.br\/evento\/anime-buzz-2026-28301\" \r\n       class=\"btn btn-style-1  pxl-icon-active  pxl-icon--left\" data-text=\"GARANTA SEU INGRESSO\"  data-wow-delay=\"ms\">\r\n       \r\n                                <span class=\"pxl--btn-text\" data-text=\"GARANTA SEU INGRESSO\">\r\n                GARANTA SEU INGRESSO            <\/span>\r\n            <\/a>\r\n  \r\n<\/div>\r\n\t\t\t\t<\/div>\n\t\t\t\t<\/div>\n\t\t\t\t<div class=\"elementor-element elementor-element-9c7fb6e elementor-widget elementor-widget-spacer\" data-id=\"9c7fb6e\" data-element_type=\"widget\" data-e-type=\"widget\" data-widget_type=\"spacer.default\">\n\t\t\t\t<div class=\"elementor-widget-container\">\n\t\t\t\t\t\t\t<div class=\"elementor-spacer\">\n\t\t\t<div class=\"elementor-spacer-inner\"><\/div>\n\t\t<\/div>\n\t\t\t\t\t\t<\/div>\n\t\t\t\t<\/div>\n\t\t            <\/div>\r\n        <\/div>\r\n        \t\t\t<\/div>\n\t\t<\/section>\n\t\t\t\t<\/div>\n\t\t","protected":false},"excerpt":{"rendered":"<p>Imprensa Inscreva-se! Imprensa Ei, influenciadores, fot\u00f3grafos, criadores de conte\u00fado e videomakers! Quer garantir acesso gratuito ao evento e viver essa experi\u00eancia \u00e9pica de pertinho? Ent\u00e3o n\u00e3o perde tempo e faz j\u00e1 o teu cadastro de Imprensa! Nossa equipe vai analisar tudo com carinho e, em alguns dias, entramos em contato para alinhar os detalhes de [&hellip;]<\/p>\n","protected":false},"author":1,"featured_media":0,"parent":0,"menu_order":0,"comment_status":"closed","ping_status":"closed","template":"","meta":{"footnotes":""},"class_list":["post-17013","page","type-page","status-publish","hentry"],"aioseo_notices":[],"_links":{"self":[{"href":"https:\/\/www.animebuzz.com.br\/buzz2026\/wp-json\/wp\/v2\/pages\/17013","targetHints":{"allow":["GET"]}}],"collection":[{"href":"https:\/\/www.animebuzz.com.br\/buzz2026\/wp-json\/wp\/v2\/pages"}],"about":[{"href":"https:\/\/www.animebuzz.com.br\/buzz2026\/wp-json\/wp\/v2\/types\/page"}],"author":[{"embeddable":true,"href":"https:\/\/www.animebuzz.com.br\/buzz2026\/wp-json\/wp\/v2\/users\/1"}],"replies":[{"embeddable":true,"href":"https:\/\/www.animebuzz.com.br\/buzz2026\/wp-json\/wp\/v2\/comments?post=17013"}],"version-history":[{"count":34,"href":"https:\/\/www.animebuzz.com.br\/buzz2026\/wp-json\/wp\/v2\/pages\/17013\/revisions"}],"predecessor-version":[{"id":18252,"href":"https:\/\/www.animebuzz.com.br\/buzz2026\/wp-json\/wp\/v2\/pages\/17013\/revisions\/18252"}],"wp:attachment":[{"href":"https:\/\/www.animebuzz.com.br\/buzz2026\/wp-json\/wp\/v2\/media?parent=17013"}],"curies":[{"name":"wp","href":"https:\/\/api.w.org\/{rel}","templated":true}]}}